{"id":37,"date":"2026-02-28T13:21:34","date_gmt":"2026-02-28T13:21:34","guid":{"rendered":"https:\/\/xn--sommerfugletret-9lb.dk\/?page_id=37"},"modified":"2026-03-01T17:36:08","modified_gmt":"2026-03-01T17:36:08","slug":"weekend-workshops-2026","status":"publish","type":"page","link":"https:\/\/xn--sommerfugletret-9lb.dk\/index.php\/weekend-workshops-2026\/","title":{"rendered":"Weekend workshops 2026"},"content":{"rendered":"\n<h2 class=\"wp-block-heading has-crimson-pro-font-family\"><strong>Weekend Workshops 2026<\/strong><\/h2>\n\n\n\n<p class=\"has-crimson-pro-font-family\"><strong>29-31 maj. Fysiurgisk afsp\u00e6ndingsmassage for par.&nbsp;<\/strong><strong><\/strong><\/p>\n\n\n\n<p class=\"has-crimson-pro-font-family\">P\u00e5 denne workshop kan du og din medbragte partner eller ven\/veninde l\u00e6re, hvordan du kan give og modtage en sk\u00f8n og afstressende massage, s\u00e5 I kan give hinanden denne gave igen og igen derhjemme. De fleste mennesker har brug for massage, og har f.eks sp\u00e6ndingshovedpine eller ondt i skuldrene eller l\u00e6nden, og mange par vil gerne b\u00e5de give og modtage, men det kan v\u00e6re en udfordring at finde teknikker, som ikke udmatter giveren. Der kan ogs\u00e5 v\u00e6re andre udfordringer i forbindelse med at faktisk f\u00e5 det gjort. Fokus er her p\u00e5 at f\u00e5 konkrete v\u00e6rkt\u00f8jer til at give hinanden afstressning og m\u00e5ske smertelindring i en travl hverdag, samt umiddelbart at g\u00e5 hjem fra weekenden med en gladere krop. Max 4 par. F\u00f8rst til m\u00f8lle.&nbsp;<\/p>\n\n\n\n<p class=\"has-crimson-pro-font-family\">Tilmeldingsfrist 23. maj<\/p>\n\n\n\n<p class=\"has-crimson-pro-font-family\">.<\/p>\n\n\n\n<p class=\"has-crimson-pro-font-family\"><strong>19-21 juni. Healingsmassage for alle.<\/strong><strong><\/strong><\/p>\n\n\n\n<p class=\"has-crimson-pro-font-family\">En weekend for dig, som gerne vil l\u00e6re grundtrinene i at give og modtage en shamanistisk inspireret&nbsp;&nbsp;healingsmassage, og som kommer som enkeltperson. Du er \u00e5ben for at udveksle ber\u00f8ring med \u201ctilf\u00e6ldige\u201d medstuderende i en turnus-rotation p\u00e5 briksene. Der er naturligvis ogs\u00e5 plads til dine gr\u00e6nser. Weekenden egner sig godt for nybegyndere, men \u00f8vede som kan se ideen i en hel weekend i den bevidste ber\u00f8rings tegn, er ogs\u00e5 meget velkomne. Deltagerantal 4 &#8211; 8. F\u00f8rst til m\u00f8lle.&nbsp;<\/p>\n\n\n\n<p class=\"has-crimson-pro-font-family\">Tilmeldingsfrist 13. juni.&nbsp;&nbsp;<\/p>\n\n\n\n<p class=\"has-crimson-pro-font-family\"><strong>28-30 august. Fysiurgisk afsp\u00e6ndingsmassage for alle<\/strong><strong>.<\/strong><strong><\/strong><\/p>\n\n\n\n<p class=\"has-crimson-pro-font-family\">P\u00e5 denne workshop l\u00e6rer du grundtrinene i at give og modtage en sk\u00f8n og afstressende massage, som du derefter kan give til venner og bekendte. Du kan ogs\u00e5 forvente at selv komme hjem efter weekenden med en gladere krop. De fleste moderne mennesker har brug for massage, og har f.eks sp\u00e6ndingshovedpine eller ondt i skuldrene eller l\u00e6nden. Fokus er p\u00e5 at f\u00e5 konkrete v\u00e6rkt\u00f8jer til at kunne give andre afslapning og m\u00e5ske smertelindring i en sommetider travl hverdag, og ogs\u00e5 p\u00e5 at \u00f8ve sig i at tage imod. Denne weekend er for dig, som kommer som enkeltperson, og som er \u00e5ben for at udveksle med \u201ctilf\u00e6ldige\u201d medstuderende i en turnus-rotation p\u00e5 briksene. Der er naturligvis ogs\u00e5 plads til dine gr\u00e6nser. Weekenden egner sig godt for nybegyndere, men \u00f8vede, som kan se ideen i en hel weekend i massagens tegn, er ogs\u00e5 meget velkomne. Deltagerantal 4 &#8211; 8. F\u00f8rst til m\u00f8lle.&nbsp;<\/p>\n\n\n\n<p class=\"has-crimson-pro-font-family\">Tilmeldingsfrist 21. august.<\/p>\n\n\n\n<p class=\"has-crimson-pro-font-family\"><strong>18-20 september. Healingsmassage for par.<\/strong><strong>&nbsp;<\/strong><strong>&nbsp;<\/strong><strong><\/strong><\/p>\n\n\n\n<p class=\"has-crimson-pro-font-family\">P\u00e5 denne weekend kan du l\u00e6re grundtrinene i at give og modtage en shamanistisk inspireret healingsmassage-session med din medbragte partner, hvor fokus er mindre p\u00e5 det h\u00e5ndgribelige aspekt s\u00e5som muskler og infiltrationer, som vi arbejder med p\u00e5 Fysiologisk afsp\u00e6ndingsmassage-weekenderne, og mere p\u00e5 subtile energier, bevidst n\u00e6rv\u00e6r, og forbindelsen mellem jer. Max 4 par. F\u00f8rst til m\u00f8lle.&nbsp;<\/p>\n\n\n\n<p class=\"has-crimson-pro-font-family\">Tilmeldingsfrist 11. september.&nbsp;<\/p>\n\n\n\n<p class=\"has-crimson-pro-font-family\">Sp\u00f8rgsm\u00e5l, tilmelding og booking: SMS 2238 1518&nbsp;<\/p>\n","protected":false},"excerpt":{"rendered":"<p>Weekend Workshops 2026 29-31 maj. Fysiurgisk afsp\u00e6ndingsmassage for par.&nbsp; P\u00e5 denne workshop kan du og din medbragte partner eller ven\/veninde l\u00e6re, hvordan du kan give og modtage en sk\u00f8n og afstressende massage, s\u00e5 I kan give hinanden denne gave igen og igen derhjemme. De fleste mennesker har brug for massage, og har f.eks sp\u00e6ndingshovedpine eller [&hellip;]<\/p>\n","protected":false},"author":1,"featured_media":0,"parent":0,"menu_order":0,"comment_status":"closed","ping_status":"closed","template":"","meta":{"footnotes":""},"class_list":["post-37","page","type-page","status-publish","hentry"],"_links":{"self":[{"href":"https:\/\/xn--sommerfugletret-9lb.dk\/index.php\/wp-json\/wp\/v2\/pages\/37","targetHints":{"allow":["GET"]}}],"collection":[{"href":"https:\/\/xn--sommerfugletret-9lb.dk\/index.php\/wp-json\/wp\/v2\/pages"}],"about":[{"href":"https:\/\/xn--sommerfugletret-9lb.dk\/index.php\/wp-json\/wp\/v2\/types\/page"}],"author":[{"embeddable":true,"href":"https:\/\/xn--sommerfugletret-9lb.dk\/index.php\/wp-json\/wp\/v2\/users\/1"}],"replies":[{"embeddable":true,"href":"https:\/\/xn--sommerfugletret-9lb.dk\/index.php\/wp-json\/wp\/v2\/comments?post=37"}],"version-history":[{"count":6,"href":"https:\/\/xn--sommerfugletret-9lb.dk\/index.php\/wp-json\/wp\/v2\/pages\/37\/revisions"}],"predecessor-version":[{"id":117,"href":"https:\/\/xn--sommerfugletret-9lb.dk\/index.php\/wp-json\/wp\/v2\/pages\/37\/revisions\/117"}],"wp:attachment":[{"href":"https:\/\/xn--sommerfugletret-9lb.dk\/index.php\/wp-json\/wp\/v2\/media?parent=37"}],"curies":[{"name":"wp","href":"https:\/\/api.w.org\/{rel}","templated":true}]}}